umber?
True
Suppose 8 = 4*r - 4. Suppose -5*x - r*q + 2329 = 0, x - 3*q - 167 = 306. Is x composite?
False
Let x be (-67)/(-3 + 16/6). Suppose 0 = 3*d + w - 5*w - x, 0 = -3*w. Is d composite?
False
Suppose -2*v + 6*v - 1600 = 0. Suppose -113 = -3*n + v. Suppose 3*k - 4*h - 122 = 35, 3*k = -3*h + n. Is k composite?
True
Let w(g) = -2*g + 1543. Is w(0) a prime number?
True
Let i = 4 - 7. Is (i + 10/6)*-3 a prime number?
False
Suppose 0 = -2*l + 4*r + 164, 5*r = 5*l - 314 - 96. Is l a prime number?
False
Let v = -3 + 6. Let n(l) = -v*l**2 + l**3 - 2*l**3 + 2*l + 0*l**2 - 3. Is n(-5) prime?
True
Suppose -5*b = -m - 10, b - 9 - 14 = -4*m. Let j(a) = -a**3 + 5*a**2 - 3*a + 1. Is j(b) composite?
True
Let k = -44 + 133. Is k prime?
True
Suppose -2*j + 1 = 2*j - l, -3*l + 5 = -4*j. Let k = 3 - j. Suppose k*a - 55 = -3. Is a a prime number?
False
Suppose -5*z - 233 = -y, -2*z + 0*z = -5*y + 1119. Is y composite?
False
Suppose 2*c = c. Let a be ((2 - 1) + c)*139. Suppose v = -5*f - 3*v + a, 66 = 2*f - v. Is f composite?
False
Suppose 0 = -5*a - 3*q + 805, 5*a - 3*q = q + 805. Is a composite?
True
Suppose -3*u = 2*u - 40. Let x = u - -3. Suppose -n - x = -2*n. Is n composite?
False
Let c = 9 + -5. Suppose 3 = 3*d - 0, -c*d + 4116 = -4*w. Is w/(-8) - (-2)/4 composite?
True
Suppose 5334 = 14*r - 8*r. Is r composite?
True
Let w = -2 + 7. Suppose -w*k - 18 + 73 = 0. Is k prime?
True
Let w be (0 + 0)/2 - 0. Let y be 0 - (1 + w + -8). Is (y*1)/((-5)/(-25)) a prime number?
False
Let f(u) = 2 + 2 - 3*u + 2*u. Let j = -13 + 8. Is f(j) composite?
True
Let r = -104 + 237. Is r prime?
False
Suppose 0 = -0*y - 2*y + 10. Suppose p - 5*l = -3*p + 200, -250 = -y*p + 2*l. Suppose -3*h = -8*h + p. Is h composite?
True
Let d = 0 - -133. Is d prime?
False
Suppose 3*m - 369 = 2*m - 4*d, -5*m + 1940 = d. Is m composite?
False
Let k(v) = -4*v + 1. Suppose 0*x = -5*x - 15. Is k(x) a prime number?
True
Let t(v) = 6*v - 1. Let a be t(1). Let m = -3 - -7. Suppose -m*k = -a*k + 77. Is k a prime number?
False
Is 1 + 9/((-36)/(-1264)) a composite number?
False
Suppose 20 = 3*b - 4*l, -3*l = -0*b + 4*b + 15. Suppose -4*s + 33 = 5*o, b*o - 13 = -4*s - o. Suppose -7 + 1 = -s*i. Is i prime?
True
Let h = 10 + -10. Suppose 4*y + h = 8, 5*r + y - 2217 = 0. Is r prime?
True
Is ((-1)/(-2))/(3/1494) a prime number?
False
Let q(s) = s**3 - 7*s**2 + s - 5. Suppose 7*h = 4*h - 5*j + 6, 3*j + 44 = 5*h. Let p be q(h). Let a(t) = 9*t**3 + 4*t**2 - 2*t - 1. Is a(p) a prime number?
True
Let b(h) = -h**2 - 3*h + 2. Let u be b(-3). Suppose z - 4*i = -4, 0 = 3*z - u*i - 12 - 16. Is -4*(1 - 33/z) prime?
True
Let b(l) = -l**3 + 11*l**2 + 13*l + 6. Is b(11) a prime number?
True
Suppose 0 = 3*h - g - 1142, 0*h - 3*g + 1501 = 4*h. Is h a composite number?
False
Let q(a) be the second derivative of -3*a**5/20 - 7*a**4/12 - a**3/6 + 3*a**2 - 2*a. Is q(-5) a composite number?
False
Suppose -4*v + 5*q + 6 = 0, -2*v + 4*q - q + 2 = 0. Suppose -5*o = -v - 6. Let y = 1 + o. Is y composite?
False
Let j(u) = 3*u - 3*u - 4 + 2*u**2. Is j(3) a prime number?
False
Let j = 124 - 57. Is j a composite number?
False
Suppose -y = 225 + 171. Let z = y + -168. Is (-2)/8 - z/16 a prime number?
False
Suppose 2*v = -3*v + 155. Is v prime?
True
Suppose 3*c + 2*a = -0*a + 603, 5*a = 3*c - 624. Is c composite?
True
Suppose 5*j + 4*m = 32, 4*j - 4 = 4*m - 0. Let x = 1 - 1. Suppose j*k - 2*k - 154 = x. Is k composite?
True
Let g(o) = o**3 - 4. Let n be g(0). Let s = n + 4. Suppose -4*u + 2*t + 54 = s, -u - 2*t = 1 - 12. Is u a composite number?
False
Suppose z = 129 + 171. Suppose -z + 1105 = 5*v. Is v a composite number?
True
Let j(i) = -34*i + 7. Let p be j(-5). Suppose -p = -4*u + u. Is u a prime number?
True
Let l(g) = 4 - 6*g - 3 + g + g + 14*g**2. Let c be -2 - (2 + -3)/(-1). Is l(c) a composite number?
False
Suppose 5*u - 5*k - 2738 = 2*u, 0 = -4*u + 3*k + 3647. Is u prime?
True
Let a(k) = 5*k + 501. Is a(0) a composite number?
True
Suppose 0 = -20*f + 17*f + 42. Is f prime?
False
Suppose -5*m - 78 = -1708. Is m a prime number?
False
Suppose 398 = 8*m - 7*m. Is m prime?
False
Is (77/22)/((-1)/(-178)) composite?
True
Suppose -2122 = -7*q + 2785. Is q a composite number?
False
Suppose -4*q - 23 - 43 = 2*s, 0 = 3*q + 9. Let f = s + 49. Is f prime?
False
Suppose -2877 = -3*t + k, 3*t + 2*k + 1918 = 5*t. Is t prime?
False
Let v be 10/25 - (-4)/(-10). Let o = v + 3. Suppose o*z - 21 = 18. Is z a prime number?
True
Let b be 15/2*(-108)/(-10). Suppose -2*j + 25 = -3*a - 25, -3*a - b = -3*j. Is j a prime number?
True
Let o = -1545 + 2251. Is o composite?
True
Let f = -50 + 26. Let o = -53 - f. Let i = 66 + o. Is i a prime number?
True
Suppose j + 5*i = 812, 6*j - 9*j - 2*i = -2397. Is j a prime number?
True
Suppose 5*a - 136 = a. Is a prime?
False
Let y(n) be the first derivative of 90*n**2 - n + 4. Is y(1) a composite number?
False
Let r(o) = o**2 - 3*o - 5. Is r(11) a prime number?
True
Let q = -7 - -4. Let x be (-2 - 396/q)/(-1). Is (x + 1 + -2)/(-1) a prime number?
True
Let q be ((-4)/10)/(16/(-40)). Is 38/(3 - 2) + q a prime number?
False
Suppose 4*v - 64 = -0*v. Suppose -28*m = -33*m + 175. Let y = m - v. Is y a prime number?
True
Let k = -3 + 2. Let l(t) = t**3 + 2*t**2 + 2*t + 2. Let z be l(-2). Is z + (-5)/(-2 - k) composite?
False
Let o = -1645 + 2574. Is o a prime number?
True
Let l = 352 - 203. Is l a prime number?
True
Let z(x) = -x - 30. Let i be z(-18). Is 44*(3 - (-15)/i) composite?
True
Let b = -2 + 7. Suppose b*q + 669 = 4*y + 274, 4*q + 297 = 3*y. Is y prime?
False
Suppose 0 = 5*i - 0*i + 35. Let u(m) = -m**3 - 3*m**2 + 6*m + 7. Is u(i) composite?
True
Let j = -421 - -1052. Is j a composite number?
False
Suppose 0 = -b - 3 + 30. Let h = 74 - b. Is h a prime number?
True
Let y(u) = 296*u - 1. Is y(1) a composite number?
True
Let j(p) = -3*p**3 - p**2 - 2*p - 1. Let c be j(-1). Suppose 0*y + c*y + 5*x = 152, -104 = -2*y - 4*x. Suppose -m - 3*m = -y. Is m a composite number?
False
Suppose 2*t + 0*t - 6 = 0. Suppose 2*h = -t*h - 2*n + 87, 0 = 2*h - 2*n - 46. Is h composite?
False
Suppose -4*m - 1763 = m - 3*w, -1413 = 4*m - 5*w. Is m/(-10) - 1/5 a prime number?
False
Suppose 0 = z - 0*z + 2*g - 205, -2*z = -3*g - 431. Is z composite?
False
Let b be 3/9 + (-28)/(-6). Suppose a = -a - 6, a = b*j - 338. Is j a composite number?
False
Is ((0 - 7/(-2)) + -1)*898 composite?
True
Suppose 0*t - 55 = 5*t. Let r = -6 - t. Suppose 356 = -c + r*c. Is c composite?
False
Is ((-23526)/(-20) + (-4)/(-20))*2 a prime number?
False
Let z(u) be the second derivative of -53*u**4/24 - 2*u**3/3 - 3*u**2/2 + 2*u. Let r(o) be the first derivative of z(o). Is r(-3) a prime number?
False
Let q(x) = -10*x**3 + x**2 + 2*x + 1. Let m be q(-1). Is 6/15 + 1486/m a prime number?
True
Suppose -2*n - 9 = -5*n. Is 186 - (-4*1 + n) a prime number?
False
Let x = -9 - -18. Suppose x*a - 8*a - 19 = 0. Is a prime?
True
Is (-4)/(1 - (-117)/(-111)) a prime number?
False
Suppose 0 = 5*f - 4*m - 455 - 302, 0 = 5*m + 15. Is f a composite number?
False
Is 262/2 - (6 - 2) composite?
False
Let d(a) = -a**2 + 7*a + 6. Let h be d(8). Let s be 1 - 2*(h - -1). Suppose -v + s = -3*q, 0*v = 2*v - 3*q - 9. Is v prime?
False
Suppose 0 = -r - 3*x + 71, x + 206 = 2*r + 71. Let m = r + -26. Let t = m - 5. Is t composite?
False
Is (-5)/(-5) + (-56)/(-1) a prime number?
False
Let h(p) = 17*p**2 - p. Let w be h(1). Is 1896/w + (-1)/2 prime?
False
Suppose 8*h - 7*h - 4*s - 2291 = 0, -5*h + 11455 = -2*s. Is h a composite number?
True
Let t = 102 - -547. Is t prime?
False
Let y = 45 - 17. Suppose -5*l - 5*n + 850 = 0, -4*n - y + 538 = 3*l. Let m = 327 - l. Is m prime?
True
Let k be 358*2 - (-7 + 7). Suppose -f - 3*f + k = 0. Is f composite?
False
Let v = -18 - -75. Suppose 6*q - v = 3*q. Is q composite?
False
Suppose s + 28 = -3. Is 1*(-2 + 2) - s a prime number?
True
Let u be (-87)/(-12) - 2/8. Suppose 1 - u = -n. Is 204/9 + 2/n a prime number?
True
Suppose -3*g + 1 = -4*u, g = -g - 5*u + 39. Let y(n) = n**3 + 6*n**2 + 1. Let m be y(-6). Let l = g - m. Is l a composite number?
True
Let n(v) = 4*v - 1 + 84*v**3 - 11*v**3 - 2*v**2 - 2. Is n(2) composite?
True
Suppose 78 = 2*j + 3*v - 55, -4*v = 4*j - 256. Is j composite?
False
Let r(s) = -7*s + 13. Let v be r(-11). Let w = 95 + v. Is 